 is -3 + 253433?
253430
In base 5, what is -203 + 20?
-133
In base 11, what is -877 + -10?
-887
In base 15, what is 20 + 1e40?
1e60
In base 14, what is 347 + c?
355
In base 13, what is -8 - -c25b?
c253
In base 12, what is 21 - -1116?
1137
In base 10, what is 14 - -3021?
3035
In base 4, what is 2223031 + 1203?
2230300
In base 5, what is -30 - 2242401?
-2242431
In base 4, what is -20030012 - 3?
-20030021
In base 8, what is 42043 + 24?
42067
In base 13, what is -7833 - 2?
-7835
In base 9, what is -6 - 3163?
-3170
In base 14, what is 3523 - -51?
3574
In base 10, what is -1 - 13045?
-13046
In base 8, what is 70 - 10660?
-10570
In base 2, what is 10011110111011 - -1100?
10011111000111
In base 4, what is 101220003 - -20?
101220023
In base 5, what is 10 - -1200442?
1201002
In base 3, what is -202 - -21120101002?
21120100100
In base 15, what is 5 + -e17d?
-e178
In base 13, what is -24c0 - -20?
-24a0
In base 11, what is 0 - 10705?
-10705
In base 4, what is -133131 - 23?
-133220
In base 7, what is 2016 - -11442?
13461
In base 9, what is 137 - -1550?
1687
In base 13, what is 202 + 612?
814
In base 8, what is 1160 + 24?
1204
In base 9, what is 203 - -5578?
5782
In base 8, what is -3407 + 240?
-3147
In base 10, what is 0 + -4938?
-4938
In base 6, what is -341000 + 1?
-340555
In base 14, what is -3 - -643d?
643a
In base 10, what is -4903 - -2?
-4901
In base 13, what is 4 + c6406?
c640a
In base 10, what is 22 - -49963?
49985
In base 10, what is -5 - -492353?
492348
In base 12, what is 28 - 756a?
-7542
In base 13, what is -18578 - 5?
-18580
In base 15, what is 2d76a - 0?
2d76a
In base 8, what is 33 - -137702?
137735
In base 7, what is 155 - 35633?
-35445
In base 15, what is 17d0d4 - -2?
17d0d6
In base 2, what is -101011011110010011 + -1?
-101011011110010100
In base 9, what is 3 - -213?
216
In base 7, what is -1146 - 16?
-1165
In base 3, what is -11 + 1221120120?
1221120102
In base 15, what is -2 - -3149a?
31498
In base 3, what is -11022 + -200102?
-211201
In base 16, what is -701c - -1?
-701b
In base 11, what is 3 - 1294a?
-12947
In base 9, what is -446670 + -5?
-446675
In base 13, what is 0 - 47a?
-47a
In base 13, what is -3 + 649c7?
649c4
In base 2, what is 0 + -10011000101010?
-10011000101010
In base 3, what is -22 + 21201102211?
21201102112
In base 3, what is 121 - -11202020?
11202211
In base 6, what is 5 + -2411?
-2402
In base 14, what is -79155 + a?
-79149
In base 14, what is -3b + -1b42?
-1b7d
In base 3, what is 21 + -2110120121?
-2110120100
In base 10, what is -1505653 - 3?
-1505656
In base 7, what is -41533 - -12?
-41521
In base 7, what is 106 - 55?
21
In base 3, what is 1111010 - -120210?
2001220
In base 12, what is -b011 - 5?
-b016
In base 6, what is -5 + 204524?
204515
In base 12, what is 4b1 + -1b?
492
In base 8, what is -3 + 25622?
25617
In base 5, what is 3320 - 120201?
-111331
In base 12, what is -2930 + 127?
-2805
In base 11, what is 66 - -2a20?
2a86
In base 6, what is -102420 - -443?
-101533
In base 4, what is 1323333 + 1?
1330000
In base 16, what is e35 + e1?
f16
In base 12, what is -2 + 3485a2?
3485a0
In base 7, what is -34522 - -64?
-34425
In base 8, what is 7077 - -2?
7101
In base 4, what is 11 - -211100301?
211100312
In base 16, what is 37950 - -5?
37955
In base 16, what is -2 + -aef5?
-aef7
In base 10, what is -2046954 - -1?
-2046953
In base 16, what is 16a4 - 5?
169f
In base 15, what is 1 - -2195?
2196
In base 4, what is -2212 - -31?
-2121
In base 2, what is 1100111001011010 + 100?
1100111001011110
In base 3, what is 2111 - 210211?
-201100
In base 5, what is -30 + -23412?
-23442
In base 14, what is 4 - 234?
-230
In base 7, what is 0 + -533653?
-533653
In base 15, what is 1c - -328c?
32a9
In base 12, what is b + 5815?
5824
In base 11, what is 6 - -42381?
42387
In base 6, what is -55122 - 5?
-55131
In base 6, what is -11115 - -5?
-11110
In base 8, what is -4 + 207512?
207506
In base 2, what is -11 + 100100110011011001?
100100110011010110
In base 4, what is 3323303 + -1?
3323302
In base 6, what is 23245 - 1?
23244
In base 13, what is 20703 - 3?
20700
In base 11, what is 6 + -503?
-4a8
In base 11, what is 1 + 559?
55a
In base 11, what is 4a5253 - -4?
4a5257
In base 5, what is 20441 + -23?
20413
In base 3, what is 2110210 - -100221?
2211201
In base 5, what is -30403141 - 1?
-30403142
In base 14, what is -1 - b46?
-b47
In base 16, what is -71 - -2a8?
237
In base 11, what is 2 + -32523?
-32521
In base 8, what is -6 - 2507162?
-2507170
In base 11, what is 16309 - -2?
16310
In base 4, what is 10133 + -10331?
-132
In base 5, what is -342010 + -13?
-342023
In base 3, what is 12 - 10020222011?
-10020221222
In base 3, what is 1222001 - 210?
1221021
In base 13, what is 82 + 1019?
109b
In base 7, what is 33 + 232215?
232251
In base 5, what is -11 + 20022?
20011
In base 14, what is -b0bc + -1?
-b0bd
In base 15, what is c0e4 - -4?
c0e8
In base 10, what is 4 + -65676?
-65672
In base 5, what is 22442314 + -13?
22442301
In base 12, what is 1 + 11ab53?
11ab54
In base 8, what is -71706 - -5?
-71701
In base 15, what is -4 + -60346?
-6034a
In base 15, what is 69 - 141?
-c7
In base 16, what is -f5 + 1536?
1441
In base 16, what is -4 - -17553?
1754f
In base 4, what is 2 + 1202320?
1202322
In base 2, what is 11110 - -111000010101?
111000110011
In base 13, what is 35bc - 8?
35b4
In base 5, what is -1400321 - 101?
-1400422
In base 2, what is 111110010 + -100100110?
11001100
In base 11, what is -653 - -94a?
2a7
In base 5, what is -42 - -40441?
40344
In base 11, what is -1607 + -450?
-1a57
In base 15, what is 2a - c05?
-bca
In base 7, what is 125 - 303?
-145
In base 11, what is -46889 - -3?
-46886
In base 8, what is -62101 + -30?
-62131
In base 8, what is 164410 - 0?
164410
In base 9, what is 3 + -42673?
-42670
In base 14, what is -5 - 1956?
-195b
In base 3, what is 111 + -2010200?
-2010012
In base 16, what is -9b + 4d?
-4e
In base 11, what is -618 + -83?
-6a0
In base 11, what is -470 + -4320?
-4790
In base 2, what is -110001010001100 - 111?
-110001010010011
In base 16, what is 8 - -c1?
c9
In base 3, what is 12101201012012 - -10?
12101201012022
In base 3, what is 1021 - 2222011?
-2220220
In base 16, what is 9128 + f?
9137
In base 9, what is 4 + -111272?
-111267
In base 10, what is 0 - 11033?
-11033
In base 12, what is 257b5 + -5?
257b0
In base 2, what is 10010110110100011 - -1?
10010110110100100
In base 14, what is 2 - 1a486?
-1a484
In base 10, what is 10 + -11220?
-11210
In base 16, what is -c + -733a?
-7346
In base 12, what is 1b198 + -1?
1b197
In base 10, what is 4 - -21908?
21912
In base 6, what is -212255 + 124?
-212131
In base 11, what is a16a4 - -1?
a16a5
In base 7, what is 156 - -3562?
4051
In base 14, what is -9 - -4137?
412c
In base 14, what is -1 - -74c7?
74c6
In base 13, what is 23a1 + 4?
23a5
In base 3, what is 101220011 - -10021?
102000102
In base 3, what is 221102 + -1000110?
-2001
In base 3, what is -100121 + -11022?
-111220
In base 3, what is -21 + 10021200?
10021102
In base 5, what is -11 + 1241041?
1241030
In base 7, what is -413641 - 44?
-414015
In base 11, what is 4 - 1046a?
-10466
In base 3, what is -12 + -102022222?
-102100011
In base 13, what is 1206a - 95?
11ca5
In base 3, what is 21101 - 10020212?
-2222111
In base 10, what is -366 + 50?
-316
In base 8, what is 3 - -1020?
1023
In base 3, what is 20121220202101 - -1?
20121220202102
In base 10, what is -1 - 464139?
-464140
In base 10, what is -831 - 5?
-836
In base 5, what is 140 - -30010?
30200
In base 2, what is -10001100001101000100 - 1?
-10001100001101000101
In base 7, what is 1100031 + 5?
1100036
In base 15, what is 2 - 1282b?
-12829
In base 8, what is -4 - -1242326?
1242322
In base 2, what is 11000101 - 111100111011?
-111001110110
In base 5, what is 20121004 - -2?
20121011
In base 7, what is 1415 + 421?
2136
In base 15, what is -3 + -a9d7?
-a9da
In base 9, what is 187208 + 15?
187224
In base 2, what is -110011110111011101 - 100?
-110011110111100001
In base 9, what is -2843663 + 1?
-2843662
In base 3, what is -1121202 + 1012220?
-101212
In base 2, what is -11 + 10010100100?
10010100001
In base 10, what is -2762 + 68?
-2694
In base 8, what is 1267 - 45?
1222
In base 9, what is -17 + -12501?
-12518
In base 8, what is 0 + 4713?
4713
In base 6, what is 1322223 - 5?
1322214
In base 11, wh